/3*u**3 - 1/4*u**4 + 0 - 2*u**2 + 2*u + 1/20*u**5. Suppose 3*d - 7 = 5. Calculate s(d).
-4
Let q(b) be the second derivative of -4/3*b**3 + 0 + b + 1/2*b**2. Calculate q(-1).
9
Let r(h) be the third derivative of -h**4/24 + h**3 + 2*h**2. What is r(0)?
6
Let y be (16 + -16)/(4/(-2)). Let q(s) be the second derivative of -1/20*s**5 - 1/6*s**3 + y - s + 7/2*s**2 + 5/12*s**4. What is q(5)?
2
Let m(i) = -2*i**2 - i + 1. Let z be (-4)/1*26/(-104). Calculate m(z).
-2
Let r(p) = -6*p - 1. Let s be (33 - (-4)/4)/2. Suppose 0 = 5*x + 4*j - s, 8 = -x - 0*x + 3*j. Determine r(x).
-7
Let m be 20/(0 - -2)*(-2)/(-4). Let w(c) = -c**3 + 5*c**2 - c + 2. Determine w(m).
-3
Let v(u) = -7*u + 6. Let r(c) = -14*c + 11. Let x(d) = 6*r(d) - 11*v(d). Suppose 3 - 1 = -2*o. Determine x(o).
7
Let n(o) = 5*o**3 - 8*o**2 - 14*o + 1. Let w(z) = -z**3 + z. Let s(q) = -n(q) - 6*w(q). Give s(-7).
-8
Let f(j) = j. Let a(c) = 0 - 4*c + 0 - 2. Let q(v) = a(v) + 2*f(v). Let h(m) = -4*m - 5. Let k(u) = -3*h(u) + 7*q(u). What is k(3)?
-5
Let a(y) = 6*y**3 - 3*y**2 + 11*y. Let w(u) = -5*u**3 + 4*u**2 - 10*u - 1. Let s(h) = -4*a(h) - 5*w(h). Suppose -3*i - 1 + 22 = 0. Calculate s(i).
-2
Let o(c) = -3*c - 17. Let u(w) be the third derivative of w**4/24 + w**3 + w**2. Let x(f) = -6*o(f) - 17*u(f). Calculate x(-3).
-3
Let k(d) = 2 - 8*d - 3*d + d + 7*d. Let g(p) be the first derivative of p**4/4 + 4*p**3/3 + 3*p**2/2 + p - 2. Let u be g(-2). What is k(u)?
-7
Let z(c) = c + 1. Let i = -72 + 68. Calculate z(i).
-3
Suppose -3*h + 1 = 10. Let q(t) = -5*t - 11. Let r(a) = -a - 2. Let m(k) = -q(k) + 4*r(k). What is m(h)?
0
Let u(a) be the first derivative of a**3/3 + 17. Determine u(-1).
1
Let k(v) = -v**2 + 4*v - 1. Let r be (2 + -2)/2 + -2. Let x = 1 - r. What is k(x)?
2
Let v(l) be the third derivative of -l**6/120 - l**5/15 - l**4/12 - l**3/2 + 10*l**2. Give v(-4).
5
Let v(j) be the first derivative of -j**4/12 + j**2 + 2. Let c(k) be the second derivative of v(k). Give c(5).
-10
Let i(m) = 2*m**2 - 3*m + 2. Let v be (-6 + -1 - -1)/(-2). What is i(v)?
11
Let p = 0 - -1. Let a(l) be the second derivative of -l**4/2 + l**3/6 - 66*l. Determine a(p).
-5
Let f(t) = 258*t + 5*t**3 + 1 - t**2 - 2*t**3 - 259*t. What is f(1)?
2
Let q = 18 - 14. Let h(x) = -2*x**2 + 6*x - 2. Give h(q).
-10
Let d(o) = o**2 - 4*o - 5. Suppose -8*f + 7*f + 4 = 0. Calculate d(f).
-5
Let k = -42 + 43. Let n(i) = 5*i**3 - 1. Calculate n(k).
4
Let w(l) = l**2 + 6*l + 6. Let k be -3 + (-4 - -4) + -3. What is w(k)?
6
Suppose -2*l = 3 + 9. Let g(o) = -5*o - 6. What is g(l)?
24
Suppose 20*o - 18*o = -8. Let p(u) = -u**2 - 5*u - 4. Give p(o).
0
Let s(w) = w**3 + 2*w**2 - 5*w - 3. Let b(q) = -3*q - 1. Let o be b(1). Let g(m) = m**2 + 5*m + 1. Let c be g(o). Determine s(c).
3
Let q(i) = -40 + 29 + 0*i**3 - i**3. Let t be (-2 - -2)/(1 - 3). Give q(t).
-11
Suppose 0 = -h + 3 - 1. Let r(c) = -2 + c**2 + 5 - 2*c**h - 6 + 6*c. What is r(5)?
2
Let s(t) = -2*t**3 + 2*t**2 + 2*t - 1. Let p be -2 + -6*(-2)/4. Let j be -2 + (p - 0)*4. What is s(j)?
-5
Let z(g) be the second derivative of -g**3/6 - 19*g**2/2 - 7*g. Let l be z(-13). Let a(s) = -2*s - 7. Determine a(l).
5
Let b(v) be the third derivative of -v**4/24 - v**3/3 - 7*v**2. What is b(-5)?
3
Let m be 4/(-10) - (-56)/(-35). Let a(v) = -7*v - 4. Let y(p) = -p. Let d(u) = -a(u) + 6*y(u). What is d(m)?
2
Let y(s) = -3*s - 2. Let r(o) = o + 1. Let g(n) = -7*r(n) - 3*y(n). Determine g(-3).
-7
Let z(t) be the second derivative of -t**5/20 - 5*t**4/12 - 3*t**2 + 2*t. What is z(-5)?
-6
Suppose 2*t = 2*i + 12, -4*i - 17 = 3*t - 7. Let n(m) = 3*m**3 - 4*m**2 + 3*m - 2. What is n(t)?
12
Let a(m) = -4 - 1 - 5*m + 5*m - 7*m**2 + m**3. Determine a(7).
-5
Suppose 12 = 3*n + n. Suppose 0*p + 12 = -n*p. Let s(w) = w - 1. Give s(p).
-5
Suppose 0 = -3*t - 4*b + 7, -2*b + 7 = -5*t - 4*b. Let r be (3 - t)/(0 - -1). Let v(g) = -g**2 + 4*g + 3. Determine v(r).
-9
Let j(k) = -6*k**2 + 3*k**2 - 6*k**2 + k**2. Determine j(1).
-8
Suppose -10 = -c - 4*c. Let y(m) = 3*m**2 + 7 - 4 - 2*m - 4*m**2 - m**2. What is y(c)?
-9
Let o(p) = -p**2 - 5*p + 1. Let r be o(-3). Let b(i) = i**3 - 6*i**2 - 8*i + 6. Calculate b(r).
-1
Let x(b) = -b**3 + 6*b**2 + 7*b + 7. Let g be x(7). Let y = g + -2. Let h(a) be the first derivative of -a**3/3 + 7*a**2/2 - 6*a - 1. Give h(y).
4
Let j(r) = r. Let l = -21 + 15. Let t = l + 4. Calculate j(t).
-2
Let w(x) be the first derivative of 7*x**3/3 + x**2/2 - x - 6. Give w(1).
7
Let m(u) = -3 - 6*u - 9*u + 24*u - 3*u. Calculate m(-3).
-21
Let j(a) = -3*a - 4. Let v(n) = -n**3 + 5*n**2 - 2*n - 4. Let r be v(4). Let f be 6/((-2)/4*r). Give j(f).
5
Suppose -l = 4*l + 5*n + 5, 0 = 5*l + n - 7. Let h(a) = -3*a**2 + 4*a - 3. What is h(l)?
-7
Let f(h) = h**2 + 6*h - 6. Let g be (-24 - -25)*(-8 - 0). Calculate f(g).
10
Let p(f) = 292 - 2*f + f - 138 - 141. Calculate p(9).
4
Let r(k) be the first derivative of k**3/3 - k**2/2 - 3*k - 8. What is r(0)?
-3
Let n be (-31)/(-11) + (-6)/(-33). Let y(m) = -m**3 + 2*m**2 + 2*m - 4. Determine y(n).
-7
Suppose 0 = 2*k + 2*k. Let g(c) = k*c - 5*c + 2*c. Suppose x + 4*x - 10 = 0. Give g(x).
-6
Let z(a) be the second derivative of -a**5/20 - a**4/6 + a**3/2 + a**2 - 15*a. Determine z(-3).
2
Let n(r) = r**3 - 8*r**2 + 10*r + 1. Let j(a) = 2*a - 15. Let g be j(11). Give n(g).
22
Let b(c) = c**2 + 5*c + 6. Let a be (-126)/30 + (-1)/(-5). Determine b(a).
2
Let t(c) = 2*c. Let v be t(1). Let l(x) = 3*x**v + 3*x**3 + 0*x**2 - 2*x**3 + 0*x**3 + 1. What is l(-3)?
1
Let m(d) = -d - 2. Let l be m(-4). Let k(c) = -6 + 1 + 3*c - 2 + l. Calculate k(5).
10
Let n(l) = -l**3 - 2*l**2 - l + 1. Let i be ((-96)/(-9))/(-4)*6/(-8). Calculate n(i).
-17
Suppose 3*w = 5*x - 9, -2*w = 4*x - 4 - 12. Let d(n) = -8 - 3*n**3 - 6*n + 4*n**3 + w*n**2 + 2*n**2 + n**2. Calculate d(-6).
-8
Let m(c) = c**2 - 7*c + 9. Let j = 27 - 15. Suppose 4*a = 2*a + j. Determine m(a).
3
Let c(v) = -3*v - 3. Suppose -3 - 5 = 4*b. Give c(b).
3
Let j(s) be the second derivative of -s**3/6 - s**2/2 - 3*s. Suppose 0*x - 4*x + 4 = 3*c, -2*x + 3*c = -2. Determine j(x).
-2
Let a = -4 - -9. Let b = -3 + a. Let q(z) = 3 + b*z - 2 - z. What is q(-5)?
-4
Let c(j) = j**3 + 4*j**2 + 5*j - 5. Let l(u) = -2*u**3 - 3*u**2 - 4*u + 6. Let o(f) = 3*c(f) + 2*l(f). Give o(7).
-3
Suppose -2*l + 4*x - 10 = -0, 0 = -4*l + 3*x. Suppose -l*h + 7 + 2 = 0. Let r(y) = y**3 - 3*y**2 - 2*y + 4. What is r(h)?
-2
Let t(g) = g. Suppose 3*y + 24 = 4*s, 0 = -s + y - 2*y + 6. Let c(q) = -q**3 + 5*q**2 + 6*q - 4. Let p be c(s). Calculate t(p).
-4
Let g(x) = 2*x - 1. Let f = 28 + -16. Suppose f = -2*s - 0*s. Let w = 10 + s. What is g(w)?
7
Let m(r) = r - 3. Let c be (-5 - -7)*10/4. Calculate m(c).
2
Suppose 2*l - 3*l = 9. Suppose 0 = 5*x + 3 + 7. Let w(h) = -5*h**2 - 11*h + 8. Let c(z) = z**2 + 3*z - 2. Let i(a) = l*c(a) + x*w(a). Determine i(2).
-4
Let g(r) = r + 2. Suppose -2*m = -4*s + 18, -s + 0 = 3*m - 8. Let d be m/(3/(-6)) + 0. Calculate g(d).
0
Let z(i) be the second derivative of -i**4/12 - 4*i**3/3 - 4*i**2 + 3*i. Let l(p) = p**2 + 6*p + 2. Let r be l(-4). What is z(r)?
4
Let v(y) = y**3 - 3*y**2 - 4*y + 4. Suppose 4*u - 14 - 6 = 0. Suppose h + w - u*w = 4, 5*w - 20 = -5*h. Calculate v(h).
4
Let t(n) = -2*n + 0 + 9*n + 4 - 9*n. Determine t(3).
-2
Let g(a) be the first derivative of a**4/4 + 7*a**3/3 - 9*a**2/2 - 9*a + 17. What is g(-8)?
-1
Let z(y) = 7*y**3 + y**2 + y + 1. Let c be (-1)/3 - (-62)/6. Let m = c + -11. Determine z(m).
-6
Let o(l) = -l**2 - 4*l. Suppose -2*c - 7 = -r - 0, 2*r - c + 1 = 0. Give o(r).
3
Let o(r) = -r**2 + 5*r + 10. Let t be o(7). Let y be (0/1)/2 + 2. Let b(j) = -2*j - j**y - 2 - j - 2*j. What is b(t)?
2
Let x(b) be the first derivative of -2*b**2 - 2*b + 7. Determine x(-2).
6
Let k(z) = 3*z - 2. Let w be (6 - 3) + 0/(-2). Determine k(w).
7
Let j(n) = -3 - 4*n**2 + 56*n**3 + n - 55*n**3 + n**2. Let c = -15 - -6. Let t be (-8)/(-3) - 3/c. Give j(t).
0
Let r(o) = 2*o + 1 + 0*o - 7. Let u(v) = v - 1. Let w be u(4). Suppose 16 = w*m + m. Give r(m).
2
Let n(m) = -m**3 + 3*m**2 + m. Let i = -60 + 63. What is n(i)?
3
Suppose q - 5 = b, -2*q - 3*q + 21 = -b. Suppose 1 = -q*p - 87. Let z be 4/p + (-42)/11. Let x(s) = -2*s - 5. Calculate x(z).
3
Suppose -12*a + 17*a = -20. Let v(m) = -m**2 - 2*m - 1. Give v(a).
-9